2 + 7*j - 4. Let a be l(6). Suppose 2*m + 3*t = -11, 12 = a*m - 3*t - 7. Let b(v) = 20*v**3 - 2*v - 1. Is b(m) a prime number?
False
Suppose 340 = 7*q - 871. Suppose -6*n + n - 300 = 0. Let g = n + q. Is g composite?
False
Let y(v) = 72 - 37*v - 11*v - 84*v - 71. Is y(-3) prime?
True
Let k(b) = -61*b + 18. Let r be k(3). Let g = r + 962. Is g a composite number?
False
Let h = -28 + 108. Suppose 3*k + 2*g = 47, 0 = -5*k - 4*g - g + h. Suppose k*m - 11*m = 1356. Is m composite?
True
Let p = -1 + 1. Let t be p/(-2 - 6/(-2)). Is 51 + (0 - t) + -2 a composite number?
True
Let f = 2154 - -14147. Is f a prime number?
True
Let z = -36 + 36. Suppose -3*g + z*g = -2535. Let v = -484 + g. Is v a prime number?
False
Is (-4)/(9 - 1171878/130206) a prime number?
True
Let c = 12273 - 5242. Is c composite?
True
Let l(u) = 17*u**2 + 5*u - 29. Is l(18) a prime number?
True
Is ((-18)/(-30))/((-9)/(-15))*34123 a composite number?
False
Let c(u) = 84*u**3 - 11*u**2 - 8*u + 10. Is c(5) composite?
True
Suppose -3*t = 3*a + 2*t - 36236, -4*t = -4. Is a prime?
False
Let b(o) = -908*o + 17. Let s be b(-2). Is 4*(2 + (-12)/8) + s a prime number?
False
Suppose 4*w - 935 = 4029. Suppose 0 = 5*a - 3*z - 1552, 4*a + 0*a - w = 3*z. Is a composite?
False
Let a be (-2 + 12/8)*0. Let m = 3 + a. Let r(h) = 69*h + 2. Is r(m) prime?
False
Suppose -5*i + 4*i = 5*o + 505, -4*o - 404 = -i. Let b = 98 - o. Is b prime?
True
Let u(r) = 5*r**2 - 6*r + 6. Let i be u(1). Suppose -i*s - 817 = -g, 5*g - g = -3*s + 3176. Is g composite?
False
Let d(s) = s**2 + 1. Let n(x) = -7*x**3 + 4*x**2 + 4*x + 19. Let p(k) = 2*d(k) - n(k). Is p(6) composite?
False
Suppose 0 = 2*a - 5*o - 46943, 4*a - 107741 = -5*o - 13930. Is a a composite number?
False
Let w = 152 + -16. Suppose 570 = p - 5*o, -w = -p + 3*o + 432. Is p a composite number?
True
Suppose -1771 = -3*t - 2*o, 4*t + 3*o = -29 + 2390. Suppose -2*p - p - 3*w + 300 = 0, 3*p + 4*w = 296. Let y = t - p. Is y a prime number?
True
Let r(l) = 65*l**2 + 8*l + 5. Let p be r(-5). Let x be (-12)/(-78) + p/(-26). Let n = -2 - x. Is n composite?
False
Let g be (8/5)/((-2)/(-10)). Let d = g + -8. Suppose p + n + 3*n - 65 = d, n = -5*p + 268. Is p a prime number?
True
Let r(a) be the third derivative of 3*a**4/8 + a**3/3 - 2*a**2. Suppose -l + 4*i = 3, l + 2 = i + 5. Is r(l) prime?
True
Let r(w) = w**3 - 10*w**2 + 5. Let z be r(10). Suppose z*s - 1191 = 124. Is s composite?
False
Let s(m) = 2*m**3 - 84*m**2 + 63*m - 41. Is s(42) a prime number?
False
Suppose -2*x - 2*x + x = 0. Let d(s) = -s**2 - 4*s + 97. Is d(x) a prime number?
True
Let j = -23274 - -51271. Is j prime?
True
Let w = 15184 + -10085. Is w a composite number?
False
Let j(h) = -5 + h**3 + 9*h + 5 - 2 + 9*h**2. Let o be j(-8). Let t(k) = 4*k**2 - k + 12. Is t(o) composite?
True
Let l(h) be the second derivative of 11*h**7/420 - h**5/120 - h**4/3 + 2*h. Let r(g) be the third derivative of l(g). Is r(1) a composite number?
True
Let o(s) = -1178*s + 147. Is o(-2) composite?
False
Let i(x) = -x - 6. Let w be i(-6). Suppose w = -16*f + 12*f + 460. Is f prime?
False
Suppose 0 = -q + 1667 + 620. Suppose -5*b + 71 - 51 = 0. Suppose -j - 1139 = -2*r - b*j, 4*r = 3*j + q. Is r a prime number?
True
Suppose 0 = 3*c - x + 3*x - 80, c - 4*x = 8. Let d be (-29)/3 - (-4)/6. Let z = c + d. Is z prime?
False
Is (-111)/(-259) - 383325/(-21) prime?
False
Let h(k) = -k**2 + 13*k - 18. Let o be h(11). Let z be (72/o)/2 - 0. Let s(n) = n**2 + n - 7. Is s(z) composite?
False
Let n(o) = -3*o - 12. Let u be n(-5). Suppose u*f - 8*f - 420 = 0. Let j = f + 135. Is j a composite number?
True
Let b(p) = 11*p**2 + 47*p - 65. Is b(31) a composite number?
True
Let v(f) = -3*f**3 - f**2 + f. Let b(k) = k**3 + 2*k**2 - 2*k - 1. Let u be b(-2). Let j(p) = p**3 - 2*p**2 - 3*p - 3. Let i be j(u). Is v(i) a prime number?
False
Let k(i) = i**3 - 5*i**2 - i - 12. Let f(r) = r**3 - 5*r**2 - 2*r - 13. Let b(d) = -3*f(d) + 4*k(d). Let v be b(7). Let n = -72 + v. Is n a prime number?
True
Suppose 3*w - 5*w = m - 7, -2*m - 2*w = -10. Suppose -2*i = m*g, 4*i + 4*g - 2 = -g. Suppose -2*p - l + 105 = -0*p, -i*p + 5*l = -190. Is p prime?
False
Let k = -14 - -32. Let m be (-835)/(-2) + (-9)/k. Let n = -76 + m. Is n a prime number?
False
Is (3293/111)/(2/102) a composite number?
True
Let i = 154 + -146. Let t(d) = -4*d**2 - 11 + 1 - 2*d + 5*d**2. Is t(i) composite?
True
Let w = 28652 + -5493. Is w prime?
True
Suppose 0*x + x - 174 = 0. Suppose -2*u - 4 = -3*a - 0*u, 3*u = a + 1. Suppose -a*g - 116 = -4*g + 2*v, x = 3*g + v. Is g composite?
True
Let p = 5093 + -2282. Is p composite?
True
Let t = 20 + -11. Let z(w) = -15*w + 16. Let d(m) = -6*m + 5. Let h(p) = -17*d(p) + 6*z(p). Is h(t) a composite number?
True
Suppose 22 = 4*y - 2. Let z be ((-2)/(-2))/(5 - (-153)/(-30)). Is z/15 + 202/y composite?
True
Suppose -1101 = 3*b - 4578. Is b prime?
False
Let r be 0*(21/6)/7. Suppose -2*o + 2*y + 128 = r, -5*o + 4*y + 310 = -13. Is o composite?
False
Let f(q) = 37*q + 39. Is f(4) a composite number?
True
Let c(p) = 8818*p**2 + 6*p - 3. Is c(-1) prime?
False
Let w(f) = -f**3 + 155*f - 154*f - 1 + 0. Let o be w(1). Is (2 - (2 + o))*14 a composite number?
True
Let m = -746 - -2420. Let v = m + -985. Is v prime?
False
Let t = -11 - -10. Let z(q) = -189*q**3 - q. Let g be z(t). Suppose 0 = -5*v + 195 + g. Is v a composite number?
True
Suppose u = -17 - 39. Suppose 73 = -3*y - 38. Let k = y - u. Is k prime?
True
Let c(s) = -s**2 - 7*s - 4. Let j be 156/(-21) - (-9)/21. Let r be c(j). Is 50/18 + r/(-18) a prime number?
True
Let c(n) = -209*n + 23. Let f be c(-9). Suppose -5*w + 4*y = -6835, 0 = -5*w + 2*y + f + 4931. Is w composite?
False
Let l(i) = 63*i**3 + 12*i**2 - 7*i + 15. Is l(4) composite?
False
Let g = -2932 + 10571. Is g prime?
True
Let q(w) = 1680*w - 197. Is q(5) prime?
False
Let o be ((-54)/(-2))/(-1 - -2). Suppose -o = 11*u - 14*u. Is u*(0 + (-237)/(-9)) prime?
False
Suppose 48281 = 2*f - n, 12913 + 59541 = 3*f + 5*n. Is f composite?
True
Suppose 4*v - 2*n = 14, 9 = -5*n + 2*n. Suppose -4*w = 3*h - 98, 0*w = 3*h - v*w - 104. Is h a prime number?
False
Suppose -5*l = -9 - 6. Suppose 2*x + 4*t = 526, -4*x + 3*x = l*t - 260. Is x a composite number?
False
Let d(s) = 1788*s + 85. Is d(7) a composite number?
False
Let u(l) = 40*l**2 - 8*l - 3. Let h(k) = -k**2 - 1. Let n(i) = -4*h(i) + u(i). Is n(-5) a composite number?
True
Let d(u) be the third derivative of -37*u**4/8 + 29*u**3/6 - 23*u**2. Is d(-12) a composite number?
False
Is (11/(165/(-255)))/((-2)/2762) a composite number?
True
Let z(j) = -4*j - 8. Let u be z(-2). Suppose 4*n - 862 = 3*k, u = -3*n + 2*n + 3*k + 211. Is n prime?
False
Let d be 6/(-9)*-3*3. Let r(s) = -16*s - 8. Let v(w) = -17*w - 9. Let t(j) = d*r(j) - 5*v(j). Is t(-8) a composite number?
True
Let c(v) be the first derivative of -v**5/20 + 5*v**4/6 + 5*v**3/3 - 4*v**2 + 3*v - 4. Let y(j) be the first derivative of c(j). Is y(9) a prime number?
True
Let x(v) = -v**2 + 7*v - 3. Let g be x(6). Suppose 0 = 14*r - 26*r + 13*r. Suppose -2*p + p - 1466 = -5*y, r = 4*y - g*p - 1175. Is y a prime number?
True
Let c(j) = -2*j - 7. Let l be c(-6). Suppose 0 = -2*a + l*a. Suppose 5*z + a*z = -20, -m + 175 = -2*z. Is m a prime number?
True
Let v(i) = -i**3 - 16680. Let n be v(0). Is n/(-78) + 4/26 a composite number?
True
Let b = 36 - 29. Let r(n) = 68*n + 11. Is r(b) a prime number?
True
Let x = -3907 + 10250. Is x composite?
False
Is (-2)/4*14 - -33660 a composite number?
True
Suppose -4*i - 14 + 34 = 0. Suppose -500 = -i*r - 0*r. Is ((-3)/2)/((-15)/r) composite?
True
Let m(i) = i**2 + 15*i - 297. Is m(-49) prime?
False
Suppose -2*s - 3147 = -5*s. Is s a composite number?
False
Suppose -19*v + 20*v = 901. Is v prime?
False
Is (4/(-3))/(220240/(-55059) + 4) a composite number?
False
Let i = 16019 - 9420. Is i prime?
True
Suppose -5*c - 3080 = -5*z, -3*z - 3*c = -5*z + 1235. Is z prime?
True
Is 2 - (-190)/(-5)*-10 composite?
True
Suppose 3*r - 4 = 5. Suppose k - d = 6, r*k - d + 0*d - 14 = 0. Let q(c) = 9*c + 1. Is q(k) prime?
True
Suppose 2*s = 3*a + 73475, -2*s - 6584 = 2*a - 80084. Is s a composite number?
True
Suppose 2059 - 463 = 5*q - g, 0 = 4*g - 16. Let s = q + 327. Is s composite?
False
Let y(j) = 8 + 22 + 27*j - 8. Let p = -66